isor of p and 42?
42
Suppose -3*c = 15, -3*v + 4*c = -5*v - 1070. Let g be (-6 - (-96)/21)/(3/v). Calculate the greatest common divisor of 10 and g.
10
Suppose -23*o = 38*o - 51*o - 45600. Calculate the greatest common divisor of 171 and o.
57
Suppose 38 = 16*c - 3482. Suppose 45*l = 41*l + c. Calculate the highest common factor of 11 and l.
11
Let b(r) = 2*r - 14. Let w be b(-26). Let m = w + 117. Let y be m/(-12) + 5 - 242/(-8). What is the greatest common divisor of y and 248?
31
Let k be 8 + (-8 - -8)/2. Calculate the highest common factor of 2936 and k.
8
Let z = -81 + 249. Suppose 0 = 2*q - 35 - 13. Calculate the highest common divisor of z and q.
24
Let p(y) = -51*y**3 - 3*y - 2. Let l be p(-1). Let j be l/3*(-9)/6. Let m = 29 + j. Calculate the highest common factor of m and 1.
1
Let k(n) = -n**3 - 26*n**2 - 62*n - 288. Let i be k(-24). What is the greatest common factor of 3252 and i?
12
Let q be 137052/2430 + 4/(-10). Calculate the highest common factor of 2338 and q.
14
Let n = 207 - 199. Suppose 5*r - 105 = -5*z, -r - 3*z + 87 = 3*r. Suppose 0 = -4*q + 5*y - 13 + 1, r = 2*q + 5*y. What is the highest common divisor of n and q?
2
Let n(o) = -o**3 - 10*o**2 + 1008*o - 71. Let r be n(27). What is the highest common divisor of 124 and r?
4
Suppose -6*i - 75 = -2*o - 3*i, o - 3*i - 45 = 0. Let q(h) = h**3 + 13*h**2 - 146*h - 1638. Let x be q(-11). Calculate the greatest common factor of x and o.
30
Let c be (-4)/42 + 7974590/2730. What is the greatest common divisor of c and 23?
23
Let g(r) = -10*r**3 + r**2 + 5*r - 4. Let f be g(2). Let o = 385 + f. Calculate the greatest common factor of o and 45.
45
Let p be ((-54)/21)/(15/(-140)). Let t = 32 - p. Suppose -t*g = -13*g + 60. What is the greatest common divisor of 3 and g?
3
Suppose 0 = 37*j + 44*j - 101*j + 4500. What is the highest common factor of 3750 and j?
75
Let d(f) = f**3 - f**2 + f. Let z(x) = 9*x**3 - 2*x**2 + 9*x + 2. Let c(n) = 10*d(n) - 2*z(n). Let o be c(-2). What is the highest common factor of 26 and o?
26
Suppose 76*z + 653 = -2691. Let r be (-24189)/z + 3/12. What is the greatest common divisor of 100 and r?
50
Suppose -2*l - 164 + 326 = -484. Calculate the highest common factor of 437 and l.
19
Let d(g) = g**2 - 221*g + 661. Let k be d(3). Calculate the greatest common divisor of k and 112.
7
Suppose 7*g - 2*g = 2*u + 20, -5*u + 2*g - 8 = 0. Suppose -2*t + 23 + 49 = u. Suppose -24 = -10*l + t. Calculate the highest common factor of l and 4.
2
Let o be ((-7)/3)/(1/15). Let a be (12/14)/((-5)/o). Suppose -2*i = -2*x - 16, 5*x + 39 = 4*i + a. What is the highest common factor of 56 and i?
7
Suppose -16 + 93 = 45*q - 38*q. Calculate the highest common divisor of 34375 and q.
11
Let x(o) = -4*o**2 + 226*o - 183. Let u be x(54). What is the greatest common divisor of 42 and u?
21
Suppose -43*j - 2*i = -38*j - 178, 5*i = -4*j + 139. Calculate the highest common factor of j and 252.
36
Let h be ((-4)/2)/(-2)*17. Let a be ((-15100)/(-24) - 1) + (-12)/72. Suppose -2*v - a = -1002. What is the greatest common factor of h and v?
17
Let h be -2*((-5)/2 + 1). Let r be h + 0 + -3 + 2. Suppose -36 - 12 = -4*l + 4*y, -l - 2*y = -18. Calculate the highest common factor of l and r.
2
Let x be -27*(35092/(-620) + 2/(-5)). Calculate the highest common divisor of 729 and x.
81
Let u be -1*(3 - 6 - 0). Let d be (u/1)/(3/3). Suppose -13*g = -25*g + 36. Calculate the highest common factor of d and g.
3
Let t = 86 + -65. Let f(i) = 10*i - 175. Let y be f(t). What is the greatest common divisor of y and 56?
7
Let w be (((-84)/(-8))/(-7))/((-9)/18). Let c be 35 - 0 - ((-18)/w + 10). Calculate the greatest common factor of 1271 and c.
31
Suppose m = -5*s + 315 + 684, 4*m - 4134 = 3*s. Calculate the greatest common divisor of m and 105.
21
Let t be 1044/30 - 106/(-795)*(-3)/(-2). What is the greatest common divisor of t and 11655?
35
Let u = -1 - -2. Let c be 1048/(-10)*1*(-15)/6. Let r = -251 + c. Calculate the highest common factor of u and r.
1
Suppose d + 10 = 42. Suppose -3*r = -16 - d. Calculate the greatest common divisor of 1 and r.
1
Let s = 3175 + 1553. Calculate the greatest common factor of 48 and s.
24
Let m(w) = 82 + 33*w + 89 - 199 + 5*w. Let s be m(2). What is the greatest common divisor of s and 16?
16
Suppose 3*y + 96 = 2*q, 2*q - 112 = 37*y - 36*y. Calculate the highest common divisor of q and 2500.
20
Let m(t) = t**3 - 64*t**2 - 171*t - 794. Let b be m(67). What is the highest common divisor of 456 and b?
152
Suppose -5*m + 125 = 5*w, 5*m - m - 2*w - 88 = 0. Suppose -3*v + 31 + m = 0. Calculate the highest common factor of 144 and v.
18
Suppose 30*t - 499 = 821. Calculate the highest common factor of 432 and t.
4
Let z(c) = -76*c + 444. Let k be z(-23). Calculate the highest common divisor of 24 and k.
8
Let h = 20555 - 20543. Calculate the highest common divisor of h and 1626.
6
Suppose -144 = -109*c + 108*c + 4*s, 4*s = 4*c - 564. What is the highest common divisor of 13510 and c?
70
Suppose -2*z + k - 43 = -6*z, 5*z + 3*k - 59 = 0. Suppose -z*s + 8*s = -44. Calculate the greatest common factor of 4 and s.
2
Suppose -2*c = 2*o - 578, 0 = -3*c - 4*o + 5*o + 839. What is the greatest common divisor of 24 and c?
6
Suppose 13*k = -361 + 7849. Let j = k - 328. Let t be (-3)/3 + (-64)/(-2). Calculate the highest common factor of j and t.
31
Suppose -5*z - 2*m = -16790, 2*z - 6643 = -5*m + 73. What is the greatest common divisor of z and 438?
146
Suppose 212*w = 87*w + 3750. Let d = 137 + 58. What is the highest common factor of d and w?
15
Suppose -5*f + 580 = 2*s, -3*s = 3*f - 8*f - 920. Let h be (-1355)/(-15) + (-2)/6. Calculate the highest common divisor of s and h.
30
Let r = 6572 - 6542. Let i be ((-22)/(-4))/((-1)/(-2)). Let v = r - i. Calculate the highest common factor of v and 19.
19
Let n(z) = 10*z**2 + 10*z - 18. Let k be n(4). Suppose -5*v + 4*v - 3*h = -42, -4*v + 2*h = -k. Calculate the greatest common factor of 15 and v.
15
Let l be 5/((-6)/20*6 + 4 + -2). Calculate the greatest common factor of l and 53.
1
Suppose -5*j + 61544 = -522*a + 526*a, -2*j = -3*a + 46204. What is the highest common factor of 24 and a?
12
Let g(p) = p**2 + p - 4. Let o be g(-3). Let h be (-3)/9*(-5 + o + -6). Calculate the highest common factor of 13 and h.
1
Suppose 5*d - 1730 = 265. Suppose -3*w - 9 = 0, -3*w - d = -2*z - 6*w. Calculate the highest common divisor of 12 and z.
12
Suppose -350*o = -378*o + 32760. What is the greatest common factor of 120 and o?
30
Suppose 0 = 10*w - 120 + 90. Suppose -w*f + 28 = -4*s, f + 9*s - 11*s = 6. Suppose 0 = 2*x - 35 - 29. Calculate the greatest common factor of x and f.
16
Suppose 560*j - 57 = 557*j. Let m be (1 - -2) + (8 - -8). Calculate the highest common divisor of j and m.
19
Let a(g) = -2*g + g + 2*g**2 - g - 6 + 0*g. Let k be a(5). Suppose -2*o + 140 = -4*r, -5*o - 5*r - 84 = -419. Calculate the greatest common divisor of o and k.
34
Suppose 48 = 5*o + 2*z, 46 = 4*o + 5*z - 6. Calculate the highest common divisor of 12088 and o.
8
Suppose 5*y - 8*y + 165 = 0. Let u be y/(-10) + (-6)/(-4). Let r(v) = -v**2 - 3*v + 12. Let l be r(u). Calculate the highest common factor of 64 and l.
8
Suppose -80*s = -4280 - 2440. What is the greatest common factor of s and 5124?
84
Suppose 4*k - 5*o - 4180 = 0, 137*k + 2112 = 139*k + 3*o. Calculate the highest common factor of k and 168.
42
Suppose 80 = 2*i - 10. Let u be ((-8)/10)/2 + 27/5. Suppose -u*h + 3*b + 66 = -12, h - 16 = b. What is the highest common divisor of i and h?
15
Let i = -17 - -21. Suppose -i*x + 5*s + 88 = 0, 0*s = 2*x - s - 44. Calculate the greatest common factor of x and 2.
2
Let v = 450 - -261. Suppose -9*a + 167 = -7*a - 3*c, 5*a - 383 = -4*c. What is the greatest common factor of a and v?
79
Suppose -4*f + 1220 = d, 37*d - 596 = -2*f + 40*d. What is the highest common divisor of f and 190?
38
Let x(u) = -u**3 - 2*u**2 - 11*u - 4. Let s(m) = -m**3 + 24*m**2 - 43*m - 27. Let g be s(22). Let r be x(g). Calculate the highest common factor of 36 and r.
18
Let p = 18792 - 17556. Calculate the highest common divisor of 7725 and p.
309
Let i = 40066 + -40023. Suppose -m - 3*m = -2*a - 344, 5*a = -5*m + 430. Calculate the greatest common divisor of m and i.
43
Let h(y) = y**2 - 7*y + 1